he greatest common divisor of 1789711 and 6776?
847
What is the greatest common divisor of 7363326 and 178?
178
Calculate the highest common divisor of 54806475 and 75.
75
What is the greatest common factor of 2034 and 308558930?
226
What is the greatest common divisor of 52975761 and 603?
201
Calculate the greatest common divisor of 153 and 6233859.
9
Calculate the highest common factor of 30022 and 2848558.
1766
Calculate the greatest common factor of 35359038 and 2925.
117
What is the greatest common factor of 35125 and 31250?
125
What is the greatest common factor of 856 and 18357816?
8
What is the highest common divisor of 251521450 and 120?
10
What is the greatest common divisor of 3092715 and 22320?
1395
What is the greatest common factor of 1580969408 and 64?
64
What is the greatest common factor of 5319072 and 462?
66
What is the highest common divisor of 1518 and 7202404?
506
What is the highest common divisor of 1562935835 and 6665?
6665
Calculate the greatest common factor of 360 and 236691480.
120
What is the greatest common factor of 12069161 and 27248?
1703
Calculate the greatest common factor of 70834 and 823528.
662
Calculate the highest common factor of 2222 and 161701.
101
Calculate the highest common divisor of 123 and 2160363.
3
What is the highest common factor of 406 and 33010082?
14
What is the greatest common factor of 203328 and 1656?
72
Calculate the highest common divisor of 11863946 and 8453.
107
Calculate the highest common divisor of 6612047 and 689.
13
Calculate the greatest common divisor of 2079 and 4300296.
231
Calculate the highest common factor of 21920 and 1007200.
160
Calculate the highest common divisor of 44904904 and 105716.
8132
Calculate the highest common divisor of 15 and 100783875.
15
Calculate the highest common factor of 37543467 and 221.
13
Calculate the highest common divisor of 8398738 and 58354.
326
What is the highest common divisor of 18 and 139808682?
18
What is the greatest common factor of 110199472 and 656?
656
Calculate the highest common factor of 27653340 and 363.
363
Calculate the highest common divisor of 87601 and 4777.
17
Calculate the highest common divisor of 125 and 27591725.
25
Calculate the greatest common factor of 100742191 and 66.
11
What is the greatest common divisor of 95 and 3378257?
19
What is the greatest common divisor of 40299006 and 66?
66
What is the greatest common factor of 9045 and 4268905?
335
Calculate the greatest common factor of 350177 and 17015.
83
What is the highest common factor of 3616 and 207420088?
904
Calculate the highest common factor of 438277 and 19635.
119
What is the greatest common factor of 6739599 and 27192?
309
What is the greatest common divisor of 52808546 and 2590?
518
Calculate the greatest common factor of 809058 and 611550.
906
What is the highest common factor of 1864 and 1735992596?
932
What is the greatest common factor of 24144 and 8498?
2
Calculate the highest common factor of 10825 and 3125.
25
What is the greatest common factor of 52 and 53236534?
26
Calculate the highest common divisor of 8127 and 122382085.
301
What is the highest common factor of 5265486 and 36?
18
Calculate the highest common factor of 23881155 and 2877.
411
Calculate the highest common divisor of 260 and 33462364.
52
What is the greatest common divisor of 104500971 and 27?
9
What is the highest common factor of 237 and 17725151?
79
What is the highest common divisor of 4987681 and 68?
17
Calculate the highest common factor of 43881200 and 5.
5
Calculate the greatest common divisor of 55 and 3727823.
11
What is the highest common factor of 35905 and 2721265?
835
Calculate the greatest common divisor of 130895558 and 1812.
302
What is the highest common divisor of 45 and 3508092?
9
What is the highest common factor of 19 and 19763173?
19
Calculate the greatest common factor of 5810413 and 238.
119
Calculate the greatest common factor of 287401 and 10633.
31
What is the greatest common factor of 1866646 and 43180?
254
Calculate the greatest common factor of 50908435 and 15.
5
Calculate the greatest common divisor of 187534998 and 21.
21
Calculate the highest common divisor of 1978 and 101728126.
46
Calculate the greatest common divisor of 7866 and 26963622.
342
What is the greatest common factor of 2709231536 and 5093?
5093
What is the highest common divisor of 10327372 and 143?
11
What is the greatest common divisor of 423 and 251917650?
423
What is the greatest common divisor of 55668 and 29484?
12
What is the highest common factor of 61851 and 3359793?
1167
Calculate the highest common divisor of 2430965 and 80.
5
What is the greatest common factor of 47960 and 80685506?
2398
Calculate the highest common divisor of 44052 and 17508.
12
Calculate the highest common factor of 688 and 5326668.
172
Calculate the greatest common factor of 2412 and 6072344.
268
Calculate the greatest common factor of 153 and 162721773.
153
What is the greatest common factor of 4180379 and 174?
29
Calculate the greatest common divisor of 21793545 and 855.
45
Calculate the highest common factor of 102612 and 714.
102
What is the greatest common divisor of 495 and 26575362?
99
What is the highest common factor of 24 and 1297928?
8
Calculate the greatest common divisor of 112951922 and 76.
38
What is the greatest common divisor of 213672 and 958856?
232
What is the highest common factor of 212217419 and 1?
1
What is the greatest common divisor of 483 and 88350843?
483
What is the highest common divisor of 31 and 913872529?
31
What is the greatest common factor of 219042 and 81504?
5094
Calculate the highest common divisor of 8826700 and 25.
25
What is the greatest common divisor of 112438144 and 686?
686
Calculate the greatest common factor of 6192 and 55358544.
2064
Calculate the greatest common factor of 115843 and 136194786.
6097
Calculate the greatest common factor of 1635030 and 222.
222
What is the highest common divisor of 101307258 and 13949?
481
What is the highest common divisor of 425 and 2425987125?
425
Calculate the greatest common divisor of 175 and 199640.
35
What is the highest common factor of 3665 and 871196155?
3665
What is the highest common factor of 2868 and 11330034?
1434
Calculate the greatest common divisor of 204 and 2938144.
68
Calculate the highest common divisor of 26378 and 336374.
218
What is the greatest common factor of 1107 and 18271899?
27
Calculate the highest common divisor of 368084823 and 2677.
2677
What is the highest common divisor of 59244928 and 384?
128
Calculate the highest common divisor of 1470 and 1613085.
15
What is the greatest common factor of 178 and 3072903?
89
Calculate the highest common factor of 43763390 and 110.
110
What is the highest common divisor of 98 and 211907213?
49
What is the highest common factor of 51016125 and 54?
3
Calculate the greatest common factor of 6146 and 36012487.
3073
What is the greatest common factor of 894496 and 1696?
32
Calculate the greatest common factor of 26714 and 584896.
1406
What is the greatest common divisor of 2431 and 71072573?
143
What is the highest common divisor of 841 and 5152517?
29
What is the greatest common factor of 8736 and 189?
21
Calculate the highest common factor of 776 and 28379096.
776
Calculate the greatest common divisor of 966 and 158708326.
322
Calculate the highest common divisor of 16592 and 19751824.
272
What is the greatest common divisor of 3939 and 10642437?
39
Calculate the greatest common factor of 378 and 1644762.
42
Calculate the highest common factor of 89347 and 893.
47
What is the greatest common factor of 4542 and 1036926?
6
Calculate the greatest common factor of 3111696 and 792.
72
What is the highest common factor of 209 and 4965983?
11
Calculate the highest common factor of 3193696 and 572.
44
What is the highest common divisor of 117 and 17323865?
13
What is the highest common divisor of 1890 and 137622?
6
What is the highest common divisor of 3149967 and 1027?
79
What is the greatest common divisor of 14366 and 409398?
22
Calculate the highest common factor of 460 and 5216960.
20
Calculate the highest common factor of 2850 and 89162250.
2850
What is the highest common divisor of 50828 and 1021276?
524
Calculate the highest common factor 